f 658003357?
6
What is the units digit of 67009475?
5
What is the millions digit of 24244914?
4
What is the units digit of 115758806?
6
What is the thousands digit of 321736936?
6
What is the hundred thousands digit of 80709420?
7
What is the tens digit of 286917356?
5
What is the tens digit of 200468314?
1
What is the tens digit of 118381379?
7
What is the hundreds digit of 65014919?
9
What is the hundred thousands digit of 130979823?
9
What is the hundreds digit of 5020285?
2
What is the ten thousands digit of 34663296?
6
What is the ten thousands digit of 3499252074?
5
What is the ten millions digit of 8143665398?
4
What is the millions digit of 1260937375?
0
What is the thousands digit of 67803683?
3
What is the hundred thousands digit of 547325509?
3
What is the hundred thousands digit of 44237706?
2
What is the units digit of 99601846?
6
What is the ten millions digit of 371199262?
7
What is the thousands digit of 354255506?
5
What is the millions digit of 28134606?
8
What is the ten thousands digit of 84290267?
9
What is the millions digit of 31382924?
1
What is the thousands digit of 1593560886?
0
What is the millions digit of 1316487726?
6
What is the ten millions digit of 63843025?
6
What is the ten millions digit of 5288506590?
8
What is the hundreds digit of 710010820?
8
What is the tens digit of 2234932403?
0
What is the millions digit of 89960345?
9
What is the millions digit of 234472801?
4
What is the billions digit of 2838893915?
2
What is the hundreds digit of 9904324?
3
What is the hundred thousands digit of 81493667?
4
What is the ten thousands digit of 24811467?
1
What is the hundred thousands digit of 24362531?
3
What is the ten thousands digit of 942267754?
6
What is the hundred millions digit of 140684003?
1
What is the ten millions digit of 88515727?
8
What is the hundred millions digit of 593468277?
5
What is the tens digit of 5937000144?
4
What is the millions digit of 203863199?
3
What is the hundred millions digit of 1356823555?
3
What is the units digit of 50492561?
1
What is the millions digit of 98961147?
8
What is the units digit of 33446709?
9
What is the hundred thousands digit of 296912470?
9
What is the ten thousands digit of 13274309?
7
What is the ten thousands digit of 132740598?
4
What is the ten thousands digit of 27318023?
1
What is the ten millions digit of 2269221534?
6
What is the tens digit of 952694024?
2
What is the hundreds digit of 79168825?
8
What is the units digit of 2037836687?
7
What is the hundred millions digit of 3395664519?
3
What is the ten thousands digit of 648968233?
6
What is the ten thousands digit of 243448780?
4
What is the hundred thousands digit of 540197041?
1
What is the hundreds digit of 3449005571?
5
What is the tens digit of 9545159?
5
What is the thousands digit of 27122310?
2
What is the hundreds digit of 73384601?
6
What is the hundred millions digit of 226889168?
2
What is the ten thousands digit of 65414289?
1
What is the hundred millions digit of 196491517?
1
What is the ten millions digit of 81764446?
8
What is the ten thousands digit of 56229497?
2
What is the hundreds digit of 54817503?
5
What is the tens digit of 21479560?
6
What is the tens digit of 22336351?
5
What is the hundred thousands digit of 774943597?
9
What is the ten millions digit of 2813767682?
1
What is the millions digit of 88000034?
8
What is the ten thousands digit of 2495108977?
0
What is the thousands digit of 3622866677?
6
What is the hundred millions digit of 5861261910?
8
What is the ten millions digit of 53290879?
5
What is the tens digit of 770389887?
8
What is the hundred thousands digit of 364805867?
8
What is the hundred thousands digit of 73602007?
6
What is the hundred thousands digit of 3852831?
8
What is the hundred millions digit of 114451026?
1
What is the hundred thousands digit of 1239737136?
7
What is the millions digit of 2341887570?
1
What is the ten thousands digit of 4749734836?
3
What is the thousands digit of 61896553?
6
What is the ten thousands digit of 1835197370?
9
What is the hundred thousands digit of 742430955?
4
What is the hundred thousands digit of 75974506?
9
What is the ten thousands digit of 868249612?
4
What is the hundreds digit of 29684694?
6
What is the ten millions digit of 754743573?
5
What is the ten millions digit of 45317281?
4
What is the hundred thousands digit of 2291678844?
6
What is the hundred thousands digit of 235439136?
4
What is the hundred thousands digit of 169399128?
3
What is the hundred thousands digit of 5766488492?
4
What is the ten millions digit of 170821237?
7
What is the units digit of 14914629?
9
What is the millions digit of 4910444015?
0
What is the hundreds digit of 98120174?
1
What is the ten millions digit of 118923433?
1
What is the tens digit of 56632807?
0
What is the ten thousands digit of 2165367966?
6
What is the hundreds digit of 2188850137?
1
What is the hundred thousands digit of 163305967?
3
What is the hundreds digit of 3023207482?
4
What is the hundreds digit of 2449651838?
8
What is the millions digit of 4822944910?
2
What is the hundred thousands digit of 427063?
4
What is the hundred thousands digit of 356522302?
5
What is the units digit of 29225627?
7
What is the hundreds digit of 389772203?
2
What is the hundreds digit of 724123427?
4
What is the units digit of 88857504?
4
What is the tens digit of 105163394?
9
What is the hundred thousands digit of 475746940?
7
What is the ten thousands digit of 82112945?
1
What is the hundreds digit of 395334028?
0
What is the hundred millions digit of 3099718855?
0
What is the hundreds digit of 442355879?
8
What is the hundred thousands digit of 93203775?
2
What is the millions digit of 679035243?
9
What is the units digit of 62016869?
9
What is the millions digit of 4363539?
4
What is the ten thousands digit of 874231701?
3
What is the tens digit of 2832112318?
1
What is the hundred thousands digit of 1033390739?
3
What is the tens digit of 562211451?
5
What is the ten thousands digit of 59127096?
2
What is the thousands digit of 41549454?
9
What is the ten thousands digit of 14418498?
1
What is the millions digit of 939046020?
9
What is the hundreds digit of 120249045?
0
What is the ten millions digit of 18432092?
1
What is the tens digit of 1227436959?
5
What is the thousands digit of 746081547?
1
What is the ten millions digit of 240922043?
4
What is the units digit of 199017990?
0
What is the hundreds digit of 1656130015?
0
What is the thousands digit of 99668113?
8
What is the thousands digit of 786614489?
4
What is the tens digit of 270983413?
1
What is the hundreds digit of 619669833?
8
What is the hundred thousands digit of 6550838?
5
What is the thousands digit of 15811410?
1
What is the tens digit of 1061875034?
3
What is the thousands digit of 508591631?
1
What is the hundred millions digit of 228516167?
2
What is the thousands digit of 156439037?
9
What is the thousands digit of 16254226?
4
What is the hundred thousands digit of 136487726?
4
What is the hundred thousands digit of 59131874?
1
What is the ten thousands digit of 3066722?
6
What is the thousands digit of 48632013?
2
What is the thousands digit of 46400980?
0
What is the millions digit of 18774076?
8
What is the millions digit of 126349090?
6
What is the hundreds digit of 59339839?
8
What is the billions digit of 3237810838?
3
What is the units digit of 895323549?
9
What is the ten thousands digit of 495530399?
3
What is the hundred thousands digit of 25447013?
4
What is the hundred thousands digit of 8316127138?
1
What is the hundreds digit of 76419188?
1
What is the hundred thousands digit of 458217982?
2
What is the hundreds digit of 39402727?
7
What is the units digit of 152018357?
7
What is the hundred millions digit of 1655783528?
6
What is the millions digit of 111476684?
1
What is the thousands digit of 340018441?
8
What is the hundreds digit of 3800079?
0
What is the ten millions digit of 66139034?
6
What is the tens digit of 5926123007?
0
What is the ten thousands digit of 654366072?
6
What is the hundred thousands digit of 40869817?
8
What is the millions digit of 2309053595?
9
What is the hundred millions digit of 495275132?
4
What is the ten thousands digit of 74751629?
5
W